0*c**3 - 1/6*c**4 + 0. What is the units digit of v(-1)?
4
Let v(y) = 2*y**2 + y + 13. What is the tens digit of v(5)?
6
Let u(q) = -q**2 - 5*q + 1. Let g be u(-5). Let i(p) = p - 5 - g + 3 + 0. What is the units digit of i(4)?
1
Suppose 2 = -4*c - 2. Let d = 3 - c. Suppose 2*f - d*w - 4 = 0, 0*w = 3*f + w - 27. What is the units digit of f?
8
Suppose -7*t = -821 + 93. What is the hundreds digit of t?
1
Let h = 0 - -3. Let v be (2/h)/(4/(-36)). Let p = 0 - v. What is the units digit of p?
6
Let s(f) = f**2 + 2*f + 2. Suppose p - 4*o + 20 = -9*o, 4*p - 12 = 3*o. Let k = p + -2. What is the units digit of s(k)?
2
Suppose -c - 70 = -3*c. What is the tens digit of c?
3
Let f(h) = -2*h - 8. Let w be f(-7). Suppose -w = -3*y + 66. What is the units digit of y?
4
Let i(j) = j**3 + 4*j**2 - 2*j - 6. Let q be i(-4). Let z = q - 0. Suppose z*b + d - 2 = b, -5*d = -5*b + 40. What is the units digit of b?
5
Let v(d) = -4*d - 3. Let i(u) = -u + 1. Let t(n) = 5*i(n) - v(n). What is the units digit of t(-6)?
4
Let n = 29 - -4. What is the units digit of n?
3
Suppose -3*l + 3*g + 2*g = 20, -g = 5*l - 4. Suppose l + 2 = 2*f. What is the units digit of f?
1
Let p = 18 + -24. What is the tens digit of (-156)/9*p/4?
2
Let r(h) = -h**2 + 7*h - 1. Let c = 22 + -16. What is the units digit of r(c)?
5
Let m = -43 - -73. What is the units digit of m?
0
What is the tens digit of (0 + 0 - 4) + 137?
3
Let x = 36 + -18. Suppose -3*s - 4*g = -8*g - 22, 3*s - 3*g - x = 0. Suppose 4*j - s*v - v + 4 = 0, 20 = 2*j + 4*v. What is the units digit of j?
2
Suppose 212 = 4*a - f, 0 = 2*a - 2*f - 3*f - 106. What is the tens digit of a?
5
Let o = -80 + 47. What is the tens digit of (-11)/o - 74/(-3)?
2
Let o = 0 - 1. Let f be (o + 7)/(-3) - 14. Let k = -8 - f. What is the units digit of k?
8
Suppose 0 = 4*g - g - 18. Suppose -g*h + 3*h = 0. Suppose 4*r - 5*d - 15 = 6*r, -2*r + 4*d + 30 = h. What is the units digit of r?
5
Let a(u) = 10 + 2*u - 3*u - 2. Let c be a(7). Let r = 2 - c. What is the units digit of r?
1
Let f(a) = 11*a - 15. What is the tens digit of f(8)?
7
Let f = -43 + 165. Suppose -58 - f = o. What is the units digit of o/(-22) - (-4)/(-22)?
8
Suppose l + 1 = -2*n - 0*n, 2*l + 2 = 0. Suppose 2*s + 24 = -n*s. What is the units digit of 2*s/(-3*1)?
8
Suppose 17*x = 16*x + 62. What is the tens digit of x?
6
Let j(m) = 12*m**2 - 6*m + 5. What is the tens digit of j(3)?
9
Suppose 5*s - 323 = -2*o, -4*o - s + 450 + 187 = 0. What is the units digit of o?
9
Let u be (15/10)/((-2)/(-8)). Suppose 3*j - 35 = -k, 0*j = 3*j - u. What is the units digit of k?
9
Let v(d) = d**3 - 2*d + 7 + 0*d - 3 + 2*d**2 + d**2. What is the units digit of v(-3)?
0
Suppose -6*g = -7*g + 52. What is the tens digit of g?
5
Suppose 4*t = 7*t. What is the units digit of (-1)/(-2)*t + 29?
9
Suppose -5 = -4*u + 3. Suppose -m - 4 = -u*m. Let o = m + 1. What is the units digit of o?
5
Let m(x) = -15*x - 50. What is the units digit of m(-19)?
5
Let u(o) = o**3 - 4*o**2 + 3. Let d be u(3). Let t = 39 + -6. What is the units digit of d/t - 79/(-11)?
7
Let i = 46 + -26. Suppose 0*o - 2*o + i = 0. What is the units digit of o?
0
Let u(z) = -2*z + z**2 + 3*z + 2*z**2. Let m be u(-1). Suppose -m = -b, -n + b = 2*n - 7. What is the units digit of n?
3
Suppose -2*t = j - 7, 0*j = 2*j - 6. Suppose -t*r + 0 + 8 = 0. Let m = 1 + r. What is the units digit of m?
5
Suppose 0 = 3*g - 8*g + 25, 0 = 5*k - 2*g - 90. What is the units digit of k?
0
Suppose 3*p = 2*p. Suppose l + 4*l - 30 = p. What is the units digit of l?
6
Suppose -4*r = -9*r. Suppose -b + 3*b - 42 = r. What is the units digit of b?
1
Let v = 2 - -6. What is the units digit of -1*-46*4/v?
3
Let z(y) = 28*y**2 - y - 1. Let x be z(2). Suppose 3*h = -3, 4*o - x + 4 = h. Suppose 3*n = n + o. What is the units digit of n?
3
Let d = -5 - -10. Suppose d*u = -3*s + 12, 20 = 5*s + 5*u - 3*u. What is the units digit of s?
4
Suppose 2*l + 99 - 485 = 0. What is the tens digit of l?
9
Suppose 0 = -7*x + 447 + 652. What is the hundreds digit of x?
1
Suppose 3*g + t + 2*t - 357 = 0, 5*g = t + 577. What is the units digit of g?
6
What is the units digit of ((-285)/(-30))/(1/2)?
9
Let j(m) = -m**3 + 6*m**2 + 3*m + 12. Let n be j(6). Let f = 75 - n. What is the tens digit of f?
4
Suppose 137 = 3*y + 2*c, -3*c = -4*y + 118 + 42. Let n = -7 + y. What is the units digit of n?
6
Suppose n - 1 = 6. Suppose -n*j + 30 = -4*j. What is the units digit of j?
0
Let p(n) = n**2 + 1. Let g(r) = -r**3 - 4*r**2 - 3*r + 2. Let h be g(-3). Let m(i) = -i**3 + 2*i**2 + i. Let l be m(h). What is the units digit of p(l)?
5
Let j(h) be the first derivative of 2*h**4 - h**2/2 - 2. Let o be ((-2)/(-6))/((-2)/(-6)). What is the units digit of j(o)?
7
Suppose 3*t + 5 = -j, 4*t = -3*j - 0 - 5. Suppose -4 = 5*y - 2*f, 5*f = 2*y + 3*f + 4. Let w = y - t. What is the units digit of w?
2
Let j(s) = -50 + 50 + 12*s. What is the units digit of j(1)?
2
What is the units digit of (6 - 8)*10/(-4)?
5
Let t(n) = 4*n**2 + 4*n + 11. What is the units digit of t(-4)?
9
Suppose -s = 3*s - 328. What is the units digit of s?
2
Suppose -3*x - 10 = 5*w, -4 = w - 2. Suppose x = -l - l, -2*l = -4*d + 16. Suppose 0 = -d*c + 24 + 8. What is the units digit of c?
8
Let r be (0 - -3 - 3) + 0. Suppose r = -2*o - v + 15 + 2, 0 = 5*v - 5. What is the units digit of o?
8
Suppose 18*i = 17*i + 25. What is the units digit of i?
5
Let d(i) = 4*i**2 - 9*i - 2. Let v(a) = 3*a**2 - 9*a - 1. Let k(l) = -2*d(l) + 3*v(l). Let c be k(9). What is the units digit of ((-6)/(-15) - c)*-5?
3
Suppose 13 = 3*f - 2. Suppose -4*t + 2*g = -g - 4, f*t = -3*g + 5. What is the units digit of (3 - 1) + (t - -2)?
5
Let h = -55 - -123. What is the tens digit of h?
6
Let r(o) = o**3 + 4*o**2 + o - 2. Let x be r(-3). Suppose x + 6 = 5*k. What is the units digit of k?
2
Let m(s) = -s**2 - 3*s - 1. Let c(n) = -n**2 + 3*n - 3. Let x be c(2). What is the units digit of m(x)?
1
Suppose -14 = -4*a - 2*v, 4*v + 16 = 3*a - 0*v. Suppose -a*k + 5*g = -k - 7, 5*g = -4*k - 49. Let n = k - -7. What is the units digit of n?
1
Suppose 0 = 3*u + 17 - 35. Let v be 4*-2 + 0/(-2). What is the units digit of 1*13 - (u + v)?
5
Suppose -c = 2*c - 489. What is the tens digit of c?
6
Let y = -3 - -30. What is the units digit of y?
7
Suppose -3*o - g = 5 - 0, 4*g + 20 = -o. Let n be 2/(-2)*o/(-3). Suppose -j + n*j + 8 = 0. What is the units digit of j?
8
Let v = 1 + 11. What is the units digit of v?
2
Let c(n) = 40*n - 53. What is the units digit of c(5)?
7
Suppose -5*f = -2*v - 1765, -4*v + v + 15 = 0. What is the units digit of f?
5
Let o(z) = z**3 + 6*z**2 - z - 6. Let n be o(-6). Suppose -2*l + 7*l + 15 = n. What is the units digit of l*(4/6 + -2)?
4
Let r(t) = 11*t - 12. What is the units digit of r(5)?
3
Let u = -2 + 6. Suppose -u*p + 0*p = -y - 144, -39 = -p + y. Suppose t = 6*t - p. What is the units digit of t?
7
Suppose 3*n - 205 = -2*n. Let u = n + -24. What is the units digit of u?
7
Let b(a) = a**2 + 3*a - 4. Let u be b(-3). Let i(j) = j**2 + 4*j + 3. Let o be i(u). Suppose 2*f - o = -f. What is the units digit of f?
1
Suppose 8*m - 1307 = -251. What is the hundreds digit of m?
1
Suppose 3*d + 2 - 11 = 0. Suppose -3*o = -d*m + 12, -4 = m - 4*o - 2. What is the units digit of m?
6
Let m be (4/3)/((-1)/(-3)). Suppose n + 3 = 0, 3*a - n = m + 8. Suppose 2*c - a*c + 3 = 0. What is the units digit of c?
3
Suppose -3*n + 163 = -122. Suppose -4*q + 0*q = -16. Suppose -5*z = q*y - n, 5*y = z + 2*y. What is the units digit of z?
5
Suppose -o + 12 - 18 = 0. Let h(z) = -3*z - 7. What is the tens digit of h(o)?
1
Let v(t) = 35*t**2 - 3*t - 1. What is the tens digit of v(-1)?
3
Let d be (-8 - 0/3)/(-2). Let x = 12 - d. What is the units digit of x?
8
Let c be 2*-2*12/(-16). Suppose -l - 2 = -c*l, s - 10 = -l. What is the units digit of -1 + 3/(s/6)?
1
What is the tens digit of (-20)/(-4) - 4 - -48?
4
Let v = -8 - -36. Let p be ((-4)/(-2))/2 + -14. Let b = p + v. What is the units digit of b?
5
Let g(s) = s + 11. Suppose 2*m = z + 6, 3 = z + 2*z + m. Let o be g(z). Suppose 0 = 4*w - q - o, 0 = w + 3*q + 2*q + 13. What is the units digit of w?
2
Let w(p) = -2*p + 2. Let b(a) = -1. Let k(o) = 3*b(o) + w(o). Let n be k(1). Let q(l) = -4*l - 4. What is the units digit of q(n)?
8
Let 